the remainder when 1465 is divided by 582?
301
Calculate the remainder when 1590 is divided by 62.
40
What is the remainder when 22087 is divided by 92?
7
What is the remainder when 749635 is divided by 27?
7
Calculate the remainder when 363 is divided by 299.
64
Calculate the remainder when 1457145 is divided by 228.
225
What is the remainder when 206 is divided by 99?
8
What is the remainder when 130962 is divided by 1455?
12
What is the remainder when 228421 is divided by 638?
17
Calculate the remainder when 37403 is divided by 16.
11
What is the remainder when 29294 is divided by 20?
14
Calculate the remainder when 1371 is divided by 252.
111
Calculate the remainder when 49242 is divided by 1263.
1248
What is the remainder when 133769 is divided by 129?
125
What is the remainder when 352122 is divided by 225?
222
Calculate the remainder when 11087 is divided by 180.
107
What is the remainder when 222123 is divided by 11103?
63
What is the remainder when 438478 is divided by 2098?
2094
What is the remainder when 61098 is divided by 5554?
4
Calculate the remainder when 198933 is divided by 390.
33
Calculate the remainder when 2911 is divided by 87.
40
What is the remainder when 19508 is divided by 667?
165
What is the remainder when 36294 is divided by 173?
137
Calculate the remainder when 4936 is divided by 5.
1
What is the remainder when 7511 is divided by 17?
14
What is the remainder when 67507 is divided by 11244?
43
Calculate the remainder when 3210 is divided by 3207.
3
Calculate the remainder when 54784 is divided by 297.
136
What is the remainder when 22217 is divided by 272?
185
What is the remainder when 15556 is divided by 502?
496
Calculate the remainder when 129354 is divided by 205.
204
Calculate the remainder when 1334 is divided by 259.
39
Calculate the remainder when 1716 is divided by 558.
42
What is the remainder when 1181 is divided by 179?
107
Calculate the remainder when 24689 is divided by 74.
47
Calculate the remainder when 4224286 is divided by 32.
30
What is the remainder when 731 is divided by 201?
128
What is the remainder when 2642 is divided by 33?
2
What is the remainder when 166611 is divided by 205?
151
What is the remainder when 3732 is divided by 3723?
9
What is the remainder when 1821814 is divided by 28?
22
What is the remainder when 5485 is divided by 548?
5
What is the remainder when 21340 is divided by 1940?
0
Calculate the remainder when 717210 is divided by 861.
858
What is the remainder when 41061 is divided by 2170?
2001
Calculate the remainder when 137842 is divided by 62.
16
Calculate the remainder when 209429 is divided by 188.
185
Calculate the remainder when 5825 is divided by 1165.
0
What is the remainder when 157608 is divided by 2388?
0
What is the remainder when 191268 is divided by 84?
0
Calculate the remainder when 10996 is divided by 458.
4
Calculate the remainder when 99549 is divided by 24881.
25
What is the remainder when 71873 is divided by 4?
1
Calculate the remainder when 77028 is divided by 112.
84
What is the remainder when 43879 is divided by 172?
19
Calculate the remainder when 5523 is divided by 502.
1
Calculate the remainder when 2744199 is divided by 8.
7
What is the remainder when 1232 is divided by 63?
35
Calculate the remainder when 66294 is divided by 241.
19
What is the remainder when 38225 is divided by 162?
155
What is the remainder when 1992 is divided by 330?
12
Calculate the remainder when 5627 is divided by 90.
47
Calculate the remainder when 118037 is divided by 103.
102
What is the remainder when 65577 is divided by 10?
7
Calculate the remainder when 3924 is divided by 73.
55
What is the remainder when 727 is divided by 7?
6
What is the remainder when 2664621 is divided by 1917?
1908
What is the remainder when 19733 is divided by 38?
11
Calculate the remainder when 95688 is divided by 75.
63
What is the remainder when 1006774 is divided by 16?
6
What is the remainder when 55775 is divided by 31?
6
What is the remainder when 63948 is divided by 50?
48
Calculate the remainder when 64146 is divided by 32069.
8
What is the remainder when 1401 is divided by 169?
49
What is the remainder when 16328 is divided by 142?
140
What is the remainder when 12874 is divided by 12870?
4
Calculate the remainder when 4690 is divided by 586.
2
What is the remainder when 853 is divided by 54?
43
What is the remainder when 22346 is divided by 209?
192
What is the remainder when 361182 is divided by 180578?
26
Calculate the remainder when 97822 is divided by 148.
142
What is the remainder when 27371 is divided by 304?
11
What is the remainder when 4684818 is divided by 35?
33
Calculate the remainder when 6284897 is divided by 68.
65
What is the remainder when 318091 is divided by 14?
11
What is the remainder when 2357686 is divided by 80?
6
Calculate the remainder when 8314 is divided by 692.
10
What is the remainder when 32418 is divided by 315?
288
What is the remainder when 8393 is divided by 108?
77
What is the remainder when 4659 is divided by 114?
99
Calculate the remainder when 168099 is divided by 10.
9
What is the remainder when 3753269 is divided by 135?
134
What is the remainder when 2092406 is divided by 57?
50
What is the remainder when 2100 is divided by 631?
207
Calculate the remainder when 62686 is divided by 20895.
1
What is the remainder when 9814 is divided by 299?
246
What is the remainder when 4041 is divided by 113?
86
What is the remainder when 198030 is divided by 49506?
6
Calculate the remainder when 2476 is divided by 2445.
31
Calculate the remainder when 2115 is divided by 1405.
710
What is the remainder when 23587 is divided by 7858?
13
What is the remainder when 7129 is divided by 162?
1
Calculate the remainder when 48587 is divided by 24285.
17
What is the remainder when 846 is divided by 33?
21
What is the remainder when 3066 is divided by 766?
2
What is the remainder when 5797 is divided by 998?
807
Calculate the remainder when 297748 is divided by 449.
61
Calculate the remainder when 892 is divided by 415.
62
What is the remainder when 29337 is divided by 60?
57
What is the remainder when 825 is divided by 201?
21
Calculate the remainder when 5170 is divided by 39.
22
Calculate the remainder when 6335 is divided by 82.
21
What is the remainder when 194566 is divided by 72?
22
What is the remainder when 25421 is divided by 75?
71
Calculate the remainder when 90400 is divided by 615.
610
What is the remainder when 18046 is divided by 6?
4
Calculate the remainder when 188325 is divided by 21.
18
What is the remainder when 1367620 is divided by 22?
12
What is the remainder when 10247 is divided by 46?
35
Calculate the remainder when 823 is divided by 77.
53
What is the remainder when 9911 is divided by 56?
55
Calculate the remainder when 102341 is divided by 53.
51
What is the remainder when 36054 is divided by 111?
90
What is the remainder when 1162 is divided by 432?
298
Calculate the remainder when 802333 is divided by 26.
25
Calculate the remainder when 3571 is divided by 103.
69
Calculate the remainder when 1589 is divided by 409.
362
What is the remainder when 257761 is divided by 33?
31
What is the remainder when 16018 is divided by 5299?
121
Calculate the remainder when 1578 is divided by 1577.
1
Calculate the remainder when 15772 is divided by 6.
4
Calculate the remainder when 44817 is divided by 135.
132
Calculate the remainder when 860 is divided by 172.
0
What is the remainder when 9869 is divided by 46?
25
What is the remainder when 13512 is divided by 3377?
4
What is the remainder when 10349 is divided by 225?
224
Calculate the remainder when 36568 is divided by 96.
88
Calculate the remainder when 6689 is divided by 3165.
359
Calculate the remainder when 27607 is divided by 2868.
1795
Calculate the remainder when 3836 is divided by 108.
56
What is the remainder when 37625 is divided by 106?
101
Calculate the remainder when 409 is divided by 13.
6
Calculate the remainder when 18815 is divided by 108.
23
What is the remainder when 1346 is divided by 641?
64
What is the remainder when 30551 is divided by 493?
478
Calculate the remainder when 7580 is divided by 17.
15
What is the remainder when 10285 is divided by 472?
373
Calculate the rem